{"id":2,"date":"2018-02-01T17:29:48","date_gmt":"2018-02-01T17:29:48","guid":{"rendered":"http:\/\/blogs.vsb.bc.ca\/kitsfrenchimmersion\/?page_id=2"},"modified":"2018-03-06T00:44:55","modified_gmt":"2018-03-06T00:44:55","slug":"sample-page","status":"publish","type":"page","link":"https:\/\/blogs.vsb.bc.ca\/kitsfrenchimmersion\/","title":{"rendered":"Voyage d&#8217;Immersion Fran\u00e7aise"},"content":{"rendered":"<p><span style=\"font-size: 12pt;font-family: verdana, geneva, sans-serif;color: #333399\">Le programme d&#8217;immersion fran\u00e7aise de l\u2019\u00e9cole secondaire de Kitsilano de Vancouver (Colombie-Britannique) offre\u00a0aux \u00e9l\u00e8ves de 10-11e ann\u00e9e la chance de participer \u00e0 un voyage en Europe\u00a0<\/span><span style=\"color: #333399;font-size: 12pt;font-family: verdana, geneva, sans-serif\">de 10 \u00e0 14 jours.<img decoding=\"async\" class=\" wp-image-64 alignright\" src=\"http:\/\/blogs.vsb.bc.ca\/kitsfrenchimmersion\/files\/2017\/02\/France-289small-300x200.jpg\" alt=\"\" width=\"198\" height=\"132\" srcset=\"https:\/\/blogs.vsb.bc.ca\/kitsfrenchimmersion\/files\/2017\/02\/France-289small-300x200.jpg 300w, https:\/\/blogs.vsb.bc.ca\/kitsfrenchimmersion\/files\/2017\/02\/France-289small-768x512.jpg 768w, https:\/\/blogs.vsb.bc.ca\/kitsfrenchimmersion\/files\/2017\/02\/France-289small-1024x683.jpg 1024w, https:\/\/blogs.vsb.bc.ca\/kitsfrenchimmersion\/files\/2017\/02\/France-289small.jpg 1080w\" sizes=\"(max-width: 198px) 100vw, 198px\" \/><\/span><\/p>\n<p><span style=\"color: #333399;font-size: 12pt;font-family: verdana, geneva, sans-serif\">Les jeunes visiteront cette ann\u00e9e les Pays-Bas, la Belgique et la France. \u00a0Ils seront accueillis et h\u00e9berg\u00e9s pendant 5 jours dans une famille fran\u00e7aise.<\/span><\/p>\n<hr \/>\n<p style=\"text-align: left\"><span style=\"color: #333399\"><span style=\"font-size: 12pt;font-family: verdana, geneva, sans-serif\">Kitsilano Secondary&#8217;s French Immersion Program in Vancouver, British-Columbia offers to Grade 10-11 students the opportunity to travel to Europe for 10-14 days.<\/span><\/span><\/p>\n<p><span style=\"font-family: verdana, geneva, sans-serif;font-size: 12pt;color: #333399\">This year, students will discover Holland, Belgium and France. \u00a0They will also experience a homestay with a French family in Versailles.\u00a0<\/span><\/p>\n","protected":false},"excerpt":{"rendered":"<p>Le programme d&#8217;immersion fran\u00e7aise de l\u2019\u00e9cole secondaire de Kitsilano de Vancouver (Colombie-Britannique) offre\u00a0aux \u00e9l\u00e8ves de 10-11e ann\u00e9e la chance de participer \u00e0 un voyage en Europe\u00a0de 10 \u00e0 14 jours. Les jeunes visiteront cette ann\u00e9e les Pays-Bas, la Belgique et la France. \u00a0Ils seront accueillis et h\u00e9berg\u00e9s pendant 5 jours dans une famille fran\u00e7aise. Kitsilano &hellip; <a href=\"https:\/\/blogs.vsb.bc.ca\/kitsfrenchimmersion\/\" class=\"more-link\">Continue reading <span class=\"screen-reader-text\">Voyage d&#8217;Immersion Fran\u00e7aise<\/span><\/a><\/p>\n","protected":false},"author":298,"featured_media":0,"parent":0,"menu_order":1,"comment_status":"closed","ping_status":"open","template":"","meta":{"footnotes":""},"class_list":["post-2","page","type-page","status-publish","hentry"],"_links":{"self":[{"href":"https:\/\/blogs.vsb.bc.ca\/kitsfrenchimmersion\/wp-json\/wp\/v2\/pages\/2","targetHints":{"allow":["GET"]}}],"collection":[{"href":"https:\/\/blogs.vsb.bc.ca\/kitsfrenchimmersion\/wp-json\/wp\/v2\/pages"}],"about":[{"href":"https:\/\/blogs.vsb.bc.ca\/kitsfrenchimmersion\/wp-json\/wp\/v2\/types\/page"}],"author":[{"embeddable":true,"href":"https:\/\/blogs.vsb.bc.ca\/kitsfrenchimmersion\/wp-json\/wp\/v2\/users\/298"}],"replies":[{"embeddable":true,"href":"https:\/\/blogs.vsb.bc.ca\/kitsfrenchimmersion\/wp-json\/wp\/v2\/comments?post=2"}],"version-history":[{"count":19,"href":"https:\/\/blogs.vsb.bc.ca\/kitsfrenchimmersion\/wp-json\/wp\/v2\/pages\/2\/revisions"}],"predecessor-version":[{"id":101,"href":"https:\/\/blogs.vsb.bc.ca\/kitsfrenchimmersion\/wp-json\/wp\/v2\/pages\/2\/revisions\/101"}],"wp:attachment":[{"href":"https:\/\/blogs.vsb.bc.ca\/kitsfrenchimmersion\/wp-json\/wp\/v2\/media?parent=2"}],"curies":[{"name":"wp","href":"https:\/\/api.w.org\/{rel}","templated":true}]}}